 when 21643 is divided by 455?
258
What is the remainder when 3605 is divided by 22?
19
What is the remainder when 2398 is divided by 235?
48
What is the remainder when 1157904 is divided by 232?
224
Calculate the remainder when 107 is divided by 94.
13
Calculate the remainder when 8624447 is divided by 184.
183
Calculate the remainder when 10207 is divided by 644.
547
Calculate the remainder when 68162 is divided by 1264.
1170
Calculate the remainder when 5550 is divided by 51.
42
Calculate the remainder when 2076 is divided by 2061.
15
What is the remainder when 4943 is divided by 342?
155
What is the remainder when 40503 is divided by 17?
9
What is the remainder when 22525 is divided by 118?
105
Calculate the remainder when 72015 is divided by 56.
55
Calculate the remainder when 1641774 is divided by 85.
84
Calculate the remainder when 5349 is divided by 2454.
441
Calculate the remainder when 10542 is divided by 11.
4
Calculate the remainder when 1351 is divided by 605.
141
Calculate the remainder when 23285 is divided by 222.
197
What is the remainder when 583 is divided by 8?
7
Calculate the remainder when 95448 is divided by 1136.
24
What is the remainder when 30886 is divided by 473?
141
What is the remainder when 36045 is divided by 140?
65
What is the remainder when 66012 is divided by 4?
0
What is the remainder when 5788168 is divided by 9?
7
Calculate the remainder when 8211 is divided by 100.
11
Calculate the remainder when 2248 is divided by 8.
0
Calculate the remainder when 516 is divided by 321.
195
What is the remainder when 26028 is divided by 5205?
3
Calculate the remainder when 222013 is divided by 653.
646
Calculate the remainder when 2921597 is divided by 1100.
1097
Calculate the remainder when 1877 is divided by 346.
147
What is the remainder when 2284 is divided by 3?
1
What is the remainder when 4662 is divided by 96?
54
Calculate the remainder when 256115 is divided by 59.
55
Calculate the remainder when 32745 is divided by 430.
65
What is the remainder when 9419 is divided by 238?
137
What is the remainder when 1630 is divided by 144?
46
What is the remainder when 211079 is divided by 162?
155
Calculate the remainder when 114446 is divided by 2339.
2174
Calculate the remainder when 118689 is divided by 39562.
3
What is the remainder when 371732 is divided by 216?
212
What is the remainder when 413677 is divided by 206836?
5
What is the remainder when 12460 is divided by 31?
29
Calculate the remainder when 40790 is divided by 2443.
1702
Calculate the remainder when 50267 is divided by 584.
43
What is the remainder when 219613 is divided by 166?
161
Calculate the remainder when 31808 is divided by 101.
94
What is the remainder when 52310 is divided by 2615?
10
What is the remainder when 15934 is divided by 24?
22
Calculate the remainder when 69228 is divided by 16.
12
What is the remainder when 506085 is divided by 264?
261
What is the remainder when 91800 is divided by 900?
0
Calculate the remainder when 1365 is divided by 224.
21
What is the remainder when 102659 is divided by 368?
355
What is the remainder when 123850 is divided by 6?
4
What is the remainder when 149619 is divided by 818?
743
Calculate the remainder when 4223 is divided by 190.
43
What is the remainder when 84648 is divided by 50?
48
What is the remainder when 301481 is divided by 113?
110
What is the remainder when 19561 is divided by 1379?
255
What is the remainder when 18251 is divided by 958?
49
Calculate the remainder when 145727 is divided by 210.
197
What is the remainder when 40487 is divided by 26?
5
What is the remainder when 9224 is divided by 22?
6
Calculate the remainder when 63186 is divided by 10.
6
Calculate the remainder when 1278 is divided by 254.
8
Calculate the remainder when 198021 is divided by 37.
34
What is the remainder when 4127 is divided by 4119?
8
Calculate the remainder when 16875 is divided by 2409.
12
What is the remainder when 15661 is divided by 7818?
25
What is the remainder when 61992 is divided by 328?
0
Calculate the remainder when 126822 is divided by 285.
282
What is the remainder when 1202 is divided by 39?
32
Calculate the remainder when 24904 is divided by 95.
14
What is the remainder when 684 is divided by 304?
76
What is the remainder when 15416 is divided by 1023?
71
What is the remainder when 7833 is divided by 69?
36
What is the remainder when 58796 is divided by 169?
153
Calculate the remainder when 1704 is divided by 426.
0
Calculate the remainder when 131256 is divided by 5702.
110
Calculate the remainder when 17477 is divided by 15.
2
What is the remainder when 1498 is divided by 13?
3
What is the remainder when 37868 is divided by 683?
303
What is the remainder when 238419 is divided by 214?
23
Calculate the remainder when 270 is divided by 137.
133
Calculate the remainder when 2178 is divided by 43.
28
Calculate the remainder when 808108 is divided by 205.
203
Calculate the remainder when 45971 is divided by 2699.
88
What is the remainder when 2766 is divided by 50?
16
What is the remainder when 16815 is divided by 1198?
43
What is the remainder when 189031 is divided by 131?
129
Calculate the remainder when 303963 is divided by 351.
348
What is the remainder when 396499 is divided by 325?
324
Calculate the remainder when 6654 is divided by 289.
7
Calculate the remainder when 379111 is divided by 61.
57
Calculate the remainder when 2286 is divided by 44.
42
What is the remainder when 227623 is divided by 227621?
2
What is the remainder when 17600 is divided by 515?
90
What is the remainder when 373407 is divided by 124448?
63
Calculate the remainder when 59481 is divided by 1190.
1171
Calculate the remainder when 2922623 is divided by 1376.
1375
Calculate the remainder when 93230 is divided by 145.
140
Calculate the remainder when 4279 is divided by 42.
37
What is the remainder when 17692 is divided by 48?
28
Calculate the remainder when 18746 is divided by 68.
46
What is the remainder when 80231 is divided by 2674?
11
Calculate the remainder when 376 is divided by 103.
67
Calculate the remainder when 351 is divided by 166.
19
What is the remainder when 5431 is divided by 1787?
70
Calculate the remainder when 109512 is divided by 5.
2
What is the remainder when 31676 is divided by 2262?
8
What is the remainder when 1283 is divided by 1273?
10
Calculate the remainder when 5505 is divided by 45.
15
Calculate the remainder when 176259 is divided by 70.
69
Calculate the remainder when 69791 is divided by 313.
305
What is the remainder when 71069 is divided by 202?
167
What is the remainder when 6874 is divided by 2674?
1526
What is the remainder when 11492 is divided by 200?
92
What is the remainder when 519001 is divided by 731?
722
What is the remainder when 1857 is divided by 617?
6
What is the remainder when 55830 is divided by 1596?
1566
What is the remainder when 9153 is divided by 502?
117
Calculate the remainder when 45330 is divided by 9.
6
Calculate the remainder when 547498 is divided by 438.
436
Calculate the remainder when 1356583 is divided by 324.
319
What is the remainder when 355211 is divided by 194?
191
Calculate the remainder when 973 is divided by 865.
108
What is the remainder when 32409 is divided by 73?
70
Calculate the remainder when 42279 is divided by 28.
27
Calculate the remainder when 12847 is divided by 1859.
1693
Calculate the remainder when 5255 is divided by 63.
26
Calculate the remainder when 13447 is divided by 354.
349
What is the remainder when 3681 is divided by 70?
41
Calculate the remainder when 76657 is divided by 3484.
9
Calculate the remainder when 121582 is divided by 15.
7
What is the remainder when 25886 is divided by 164?
138
What is the remainder when 88418 is divided by 349?
121
What is the remainder when 188938 is divided by 235?
233
Calculate the remainder when 50798 is divided by 391.
359
What is the remainder when 6654 is divided by 1232?
494
Calculate the remainder when 11665 is divided by 11651.
14
Calculate the remainder when 1055898 is divided by 50.
48
What is the remainder when 4886390 is divided by 14?
12
What is the remainder when 10028 is divided by 1996?
48
What is the remainder when 15941 is divided by 7969?
3
Calculate the remainde